late d(-19).
-63
Let x(g) = -10*g**2 + 281*g - 35. What is x(28)?
-7
Let a(x) = 165*x + 93. What is a(1)?
258
Let b(h) = -h**3 + 11*h**2 + 33*h + 11. What is b(11)?
374
Let u(o) = 54*o + 64. What is u(-2)?
-44
Let r(d) = -91*d + 502. Calculate r(6).
-44
Let u(l) = 185*l + 842. What is u(-6)?
-268
Let k(p) = -69*p**2 - 2412*p + 75. What is k(-35)?
-30
Let t(d) = -11*d**2 + 45*d + 7. Calculate t(7).
-217
Let g(r) = -r**3 + 10*r**2 + 509*r - 77. Give g(28).
63
Let x(i) = -i**3 + 17*i**2 - 83*i + 1100. What is x(16)?
28
Let b(d) = d**3 - 2*d**2 + 15*d + 25. What is b(-2)?
-21
Let z(g) = -34*g + 608. Give z(18).
-4
Let v(x) = 134*x**3 + 2*x**2 + 3*x - 3. Give v(1).
136
Let w(r) = -6*r**2 - 336*r + 15. Determine w(-56).
15
Let n(p) = -81*p - 2060. Calculate n(-23).
-197
Let d(z) = z**3 - 4*z**2 - 63*z + 32. Calculate d(10).
2
Let y(o) = -o**2 - 28*o - 24. Calculate y(-3).
51
Let r(p) = 4*p**2 - 104*p - 230. Determine r(28).
-6
Let a(g) = -g**3 - 25*g**2 + 94*g + 224. Give a(-28).
-56
Let f(r) = -89*r - 108. Calculate f(-1).
-19
Let r(i) = 231*i + 337. Calculate r(4).
1261
Let w(j) = 5*j**3 - 3*j**2 - 2*j + 6. What is w(-2)?
-42
Let i(d) = d**3 + 15*d**2 + 13*d - 184. Calculate i(-13).
-15
Let h(f) = -2*f**3 + 105*f**2 + 53*f + 90. Determine h(53).
90
Let z(g) = 63*g + 4159. Determine z(-66).
1
Let v(i) = 2*i**2 - 34*i - 104. What is v(21)?
64
Let r(g) = 1472*g - 22080. Determine r(15).
0
Let b(h) = 85*h - 739. Calculate b(7).
-144
Let h(u) = 3*u**2 - 146*u - 197. Calculate h(50).
3
Let y(u) = u**2 + 19*u + 49. What is y(-3)?
1
Let q(v) = 15*v**2 - 18*v - 9. Give q(2).
15
Let h(q) = -3*q**2 + 10*q - 3. Give h(2).
5
Let m(k) = -k**3 + 10*k**2 + 59*k - 1. What is m(-4)?
-13
Let s(p) = 9*p**2 + 229*p + 679. Calculate s(-22).
-3
Let b(k) = -17*k + 115. What is b(7)?
-4
Let a(z) = -39*z - 1649. What is a(-44)?
67
Let t(p) = -906*p - 9079. Give t(-10).
-19
Let m(g) = -g**3 - 9*g**2 + 31*g + 267. Determine m(-9).
-12
Let f(n) = 2*n**3 - 47*n**2 + 27*n - 70. Give f(23).
22
Let i(l) = -2*l**3 - 8*l**2 + 747*l + 2983. Determine i(-4).
-5
Let s(m) = -2*m**3 + 8*m**2 + 8*m - 37. What is s(4)?
-5
Let b(l) = 3*l**3 + 27*l**2 + 35*l + 3. Give b(-5).
128
Let y(z) = -z**3 + 37*z**2 - 270*z - 108. Determine y(27).
-108
Let w(p) = -56*p**2 - 151*p + 12. Calculate w(-3).
-39
Let f(x) = 2*x**3 - 40*x**2 - 375*x - 78. Determine f(27).
3
Let d(j) = j**2 - 23*j - 694. Determine d(40).
-14
Let a(i) = i**3 - 62*i**2 - 5*i + 308. Calculate a(62).
-2
Let x(d) = 2*d**2 + 360*d - 10717. Calculate x(-206).
-5
Let p(j) = -j**3 - 35*j**2 - 234*j + 397. Give p(-25).
-3
Let i(d) = 84*d**3 + 3*d**2 - 12*d - 20. Determine i(-2).
-656
Let b(m) = -183*m + 1273. What is b(7)?
-8
Let c(a) = 245*a**2 - 11*a + 10. Determine c(1).
244
Let n(m) = m**2 - 702*m + 4829. What is n(7)?
-36
Let i(l) = -194*l - 2. Calculate i(1).
-196
Let w(q) = 9192*q + 73535. Calculate w(-8).
-1
Let r(h) = h**2 + 20*h - 260. Calculate r(-29).
1
Let j(s) = -2*s**2 + 93*s + 61. Give j(47).
14
Let s(j) = -j**2 - 21*j - 38. Give s(-21).
-38
Let f(d) = -d**2 - 633*d + 2543. Calculate f(4).
-5
Let m(j) = j**3 + 44*j**2 - 85*j - 146. Give m(-46).
-468
Let s(l) = 2*l**2 + 7*l + 17. What is s(4)?
77
Let n(r) = r**3 - 57*r - 248. Give n(-5).
-88
Let z(v) = -39*v + 675. Calculate z(20).
-105
Let w(h) = h**2 + 37*h + 152. Calculate w(-32).
-8
Let s(q) = 4*q**3 + 8*q**2 - 4*q - 28. Give s(-2).
-20
Let h(w) = -w**2 + 10*w - 121. Calculate h(8).
-105
Let z(q) = -11*q**2 + 1037*q - 1300. What is z(93)?
2
Let o(m) = -2*m**3 - 130*m**2 - 260*m - 512. Give o(-63).
-8
Let f(p) = 3*p - 27. Give f(-22).
-93
Let o(j) = -j**3 - 34*j**2 - 256*j - 75. What is o(-23)?
-6
Let l(r) = r**3 + 28*r**2 - 151*r - 4795. Give l(-27).
11
Let d(i) = -280*i - 837. Determine d(-3).
3
Let r(l) = -l**3 - 387*l**2 - 3. What is r(0)?
-3
Let t(b) = b**3 + 16*b**2 - 2*b - 70. Determine t(-16).
-38
Let d(g) = -g**3 - 9*g**2 - 5*g - 83. What is d(-8)?
-107
Let t(c) = 799*c + 822. Give t(-1).
23
Let r(d) = -2*d**3 - 29*d**2 - 27*d - 139. Calculate r(-14).
43
Let l(k) = 16*k**2 - 45*k + 318. What is l(8)?
982
Let a(l) = 22*l + 3338. Give a(-152).
-6
Let z(s) = -22*s**3 + s**2 - 189*s - 188. Give z(-1).
24
Let n(o) = o**3 - 11*o**2 - 427*o + 82. Calculate n(-16).
2
Let a(c) = 77*c + 1386. Give a(-18).
0
Let q(n) = 74*n - 588. What is q(8)?
4
Let m(y) = -4*y - 82. Determine m(-3).
-70
Let y(p) = 225*p + 11900. Give y(-53).
-25
Let v(f) = -11*f**2 + 66*f + 1. Calculate v(6).
1
Let v(c) = -1440*c + 28819. Calculate v(20).
19
Let w(l) = 62*l + 173. What is w(-3)?
-13
Let u(m) = m**3 + 12*m**2 - 10*m - 4. Determine u(-12).
116
Let u(o) = -2*o**2 - 212*o + 881. Determine u(4).
1
Let g(x) = -6266*x - 231837. Determine g(-37).
5
Let j(r) = -2*r**3 - 38*r**2 - 5. Calculate j(-19).
-5
Let s(z) = -z**2 + 48*z + 747. Calculate s(59).
98
Let u(k) = 47*k**3 + 2*k**2 - 45*k + 41. Give u(1).
45
Let i(y) = 11*y + 426. Give i(-38).
8
Let o(c) = 162*c**2 - 6*c + 2. Calculate o(1).
158
Let g(p) = -p**2 + 80*p + 312. Calculate g(-4).
-24
Let t(s) = s**2 - 924*s + 13644. What is t(15)?
9
Let q(s) = -40*s + 682. Determine q(17).
2
Let l(j) = -284*j + 6276. Calculate l(22).
28
Let k(c) = -c**3 + 22*c**2 - 122*c + 13. Determine k(13).
-52
Let q(a) = 17*a - 778. Calculate q(40).
-98
Let p(y) = -19*y**2 - 233*y + 20. Give p(-12).
80
Let o(x) = 53*x**2 - 392*x + 140. Calculate o(7).
-7
Let c(g) = 53*g - 928. Determine c(18).
26
Let y(a) = -a**2 - 101*a - 510. Calculate y(-5).
-30
Let o(n) = 8*n**3 - 4*n**2 - 10*n + 1. What is o(-2)?
-59
Let t(h) = 6*h**2 + 252*h + 359. What is t(-40)?
-121
Let o(m) = 4*m**3 + 115*m**2 - 31*m - 66. Calculate o(-29).
-8
Let o(u) = -207*u**2 - 2070*u - 14. Determine o(-10).
-14
Let w(m) = -5*m**3 + 55*m**2 - 117*m - 19. Calculate w(8).
5
Let j(v) = 3150*v + 30. Determine j(0).
30
Let b(s) = -1186*s + 2370. Calculate b(2).
-2
Let h(t) = -250*t + 472. Give h(4).
-528
Let s(c) = -5*c**2 - 46*c + 84. Determine s(-10).
44
Let r(g) = 7*g**2 + 925*g - 5664. Determine r(-138).
-6
Let l(w) = w**2 - 34*w - 205. Determine l(38).
-53
Let b(n) = -n**2 - 28*n - 236. What is b(-15)?
-41
Let n(x) = -2*x**3 + 34*x**2 + 41*x - 197. What is n(18)?
-107
Let q(u) = -11*u**2 - 22*u + 1. What is q(-2)?
1
Let a(i) = 109*i - 15036. Determine a(138).
6
Let d(x) = 27*x + 21. Give d(16).
453
Let h(v) = -100*v**2 + 395*v + 11. Determine h(4).
-9
Let u(n) = -2*n**2 + 5*n - 48. Give u(6).
-90
Let d(k) = -2*k**2 - 1408*k + 7115. What is d(5)?
25
Let p(t) = t**3 - 15*t**2 + 24*t + 31. Determine p(13).
5
Let h(c) = 833*c - 4243. Determine h(5).
-78
Let d(b) = 2*b**3 - 10*b - 9. Calculate d(-3).
-33
Let f(v) = 9*v**2 + 12*v + 143. What is f(-12)?
1295
Let i(h) = h**2 + 30*h - 17. What is i(-14)?
-241
Let a(m) = -31*m**2 - 9*m + 13. Give a(-2).
-93
Let t(w) = 11*w**2 - 65*w - 13. Determine t(6).
-7
Let w(y) = -2*y**2 + 56*y - 217. What is w(23)?
13
Let r(i) = 18*i + 423. Give r(-18).
99
Let f(d) = d**3 - 5*d**2 - 4*d - 89. Give f(7).
-19
Let p(l) = -l**3 - 67*l**2 + 229*l + 398. Give p(-70).
-932
Let o(t) = -3*t**3 - 8*t**2 - 5*t + 35. Give o(-4).
119
Let y(k) = 20*k**3 + 159*k**2 - 11*k - 19. Calculate y(-8).
5
Let q(s) = s**3 + 101*s**2 - 11*s - 1117. Give q(-101).
-6
Let f(r) = 11*r**2 + 15*r + 37. Give f(-3).
91
Let p(v) = -28*v**2 + 9*v - 16. Determine p(3).
-241
Let x(r) = -r**3 - 107*r**2 - 505*r + 522. Give x(-102).
12
Let p(z) = -2*z**2 - 615*z - 5664. Calculate p(-298).
-2
Let k(d) = -8*d**3 - 143*d**2 - 200. What is k(-18)?
124
Let g(j) = -24*j - 505. Determine g(-19).
-49
Let f(n) = 3*n**2 + 53*n - 58. Calculate f(-19).
18
Let j(m) = m**3 + 16*m**2 - 14*m + 43. Give j(-17).
-8
Let u(b) = b**3 + 18*b**2 + 124*b + 321. Determine u(-6).
9
Let n(i) = 4*i**3 + 24*i**2 - 3*i + 10. Give n(-6).
28
Let u(g) = -3*g**3 + 240*g**2 + 256*g - 1065. Calculate u(81).
-12
Let a(j) = j**2 + 205*j + 7852. Determine a(-51).
-2
Let n(r) = -8*r**2 - 10*r - 4. Calculate n(-8).
-436
Let q(y) = 57*y + 248. Determine q(-5).
-37
Let h(d) = d**2 - 1668*d - 21845. Give h(-13).
8
Let c(i) = i**3 - 41*i**2 + 268*i - 39. Give c(8).
-7
Let h(k) = -2*k**3 + 80*k**2 + 5*k - 98. Give h(40).
102
Let b(w) = 6504*w - 13010. Give b(2).
-2
Let y(s) = -s**2 - 39*s + 422. Determine y(9).
-10
Let d(n) = 5*n**3 - 3*n**2 - 7*n